is divided by 9?
7
Calculate the remainder when 17001101 is divided by 241.
238
What is the remainder when 31451 is divided by 64?
27
Calculate the remainder when 503646 is divided by 89.
84
Calculate the remainder when 197818 is divided by 153.
142
Calculate the remainder when 420275 is divided by 4.
3
Calculate the remainder when 5823 is divided by 417.
402
What is the remainder when 303944 is divided by 71?
64
Calculate the remainder when 1268626 is divided by 181.
178
What is the remainder when 35441 is divided by 17717?
7
Calculate the remainder when 54856 is divided by 914.
16
What is the remainder when 114722 is divided by 325?
322
What is the remainder when 39932 is divided by 9960?
92
What is the remainder when 3195 is divided by 159?
15
Calculate the remainder when 9469 is divided by 36.
1
What is the remainder when 6537 is divided by 136?
9
Calculate the remainder when 2230 is divided by 852.
526
Calculate the remainder when 3275 is divided by 126.
125
What is the remainder when 1343 is divided by 167?
7
Calculate the remainder when 20962 is divided by 403.
6
Calculate the remainder when 8610 is divided by 1863.
1158
Calculate the remainder when 21469 is divided by 4292.
9
Calculate the remainder when 2652 is divided by 2514.
138
Calculate the remainder when 3166 is divided by 731.
242
Calculate the remainder when 32448 is divided by 32.
0
What is the remainder when 3904 is divided by 771?
49
Calculate the remainder when 16187 is divided by 225.
212
Calculate the remainder when 1707006 is divided by 1024.
1022
Calculate the remainder when 97552 is divided by 341.
26
Calculate the remainder when 2714 is divided by 104.
10
Calculate the remainder when 659327 is divided by 1244.
7
What is the remainder when 8419 is divided by 4?
3
Calculate the remainder when 4652 is divided by 138.
98
What is the remainder when 3952 is divided by 1285?
97
Calculate the remainder when 1183 is divided by 991.
192
Calculate the remainder when 18787 is divided by 86.
39
What is the remainder when 26649 is divided by 502?
43
Calculate the remainder when 3107 is divided by 11.
5
What is the remainder when 4618 is divided by 1435?
313
What is the remainder when 1272 is divided by 317?
4
Calculate the remainder when 152942 is divided by 44.
42
Calculate the remainder when 696450 is divided by 331.
26
Calculate the remainder when 4837 is divided by 1108.
405
Calculate the remainder when 4157 is divided by 874.
661
Calculate the remainder when 59735 is divided by 21.
11
Calculate the remainder when 12291 is divided by 4083.
42
Calculate the remainder when 98452 is divided by 49220.
12
What is the remainder when 1222911 is divided by 174701?
4
Calculate the remainder when 5888 is divided by 1954.
26
Calculate the remainder when 312130 is divided by 78032.
2
What is the remainder when 24121 is divided by 39?
19
What is the remainder when 1336 is divided by 494?
348
What is the remainder when 7691 is divided by 207?
32
Calculate the remainder when 15177 is divided by 110.
107
Calculate the remainder when 20771 is divided by 546.
23
What is the remainder when 128713 is divided by 45?
13
What is the remainder when 118653 is divided by 1080?
933
What is the remainder when 161778 is divided by 321?
315
Calculate the remainder when 72568 is divided by 4268.
12
What is the remainder when 321055 is divided by 621?
619
What is the remainder when 10138 is divided by 5039?
60
What is the remainder when 263259 is divided by 17547?
54
What is the remainder when 31227 is divided by 31208?
19
What is the remainder when 1663 is divided by 74?
35
What is the remainder when 8180 is divided by 1486?
750
Calculate the remainder when 192422 is divided by 39.
35
What is the remainder when 8123 is divided by 581?
570
What is the remainder when 18618 is divided by 21?
12
What is the remainder when 2167 is divided by 289?
144
Calculate the remainder when 1727 is divided by 18.
17
What is the remainder when 572806 is divided by 1169?
1165
What is the remainder when 7346 is divided by 354?
266
What is the remainder when 2051307 is divided by 164?
159
Calculate the remainder when 59337 is divided by 6.
3
What is the remainder when 1567 is divided by 115?
72
What is the remainder when 3762 is divided by 481?
395
What is the remainder when 4793 is divided by 2384?
25
What is the remainder when 1021 is divided by 100?
21
Calculate the remainder when 430 is divided by 56.
38
Calculate the remainder when 24287 is divided by 21.
11
What is the remainder when 4849 is divided by 4847?
2
What is the remainder when 7008 is divided by 17?
4
Calculate the remainder when 1052 is divided by 97.
82
Calculate the remainder when 40560 is divided by 82.
52
What is the remainder when 10846 is divided by 298?
118
What is the remainder when 489803 is divided by 84?
83
What is the remainder when 3777 is divided by 3770?
7
Calculate the remainder when 637239 is divided by 5793.
9
Calculate the remainder when 10966 is divided by 16.
6
Calculate the remainder when 2720 is divided by 1606.
1114
What is the remainder when 24636 is divided by 2461?
26
Calculate the remainder when 9902 is divided by 73.
47
Calculate the remainder when 9430 is divided by 1181.
1163
What is the remainder when 6369 is divided by 1246?
139
Calculate the remainder when 38247 is divided by 12745.
12
Calculate the remainder when 20602 is divided by 204.
202
What is the remainder when 1114 is divided by 417?
280
What is the remainder when 331 is divided by 134?
63
What is the remainder when 7617 is divided by 36?
21
What is the remainder when 236597 is divided by 262?
11
What is the remainder when 1736062 is divided by 515?
512
What is the remainder when 2462 is divided by 411?
407
What is the remainder when 487 is divided by 149?
40
Calculate the remainder when 198529 is divided by 36.
25
Calculate the remainder when 6601 is divided by 124.
29
What is the remainder when 51710 is divided by 256?
254
Calculate the remainder when 439622 is divided by 19114.
0
What is the remainder when 853086 is divided by 83?
12
Calculate the remainder when 3573 is divided by 324.
9
What is the remainder when 2646 is divided by 249?
156
Calculate the remainder when 27821 is divided by 656.
269
Calculate the remainder when 47751 is divided by 23817.
117
What is the remainder when 3771 is divided by 3580?
191
Calculate the remainder when 72231 is divided by 5.
1
Calculate the remainder when 749 is divided by 191.
176
What is the remainder when 49815 is divided by 16604?
3
Calculate the remainder when 5358 is divided by 210.
108
Calculate the remainder when 16392 is divided by 16348.
44
Calculate the remainder when 166 is divided by 148.
18
What is the remainder when 10471 is divided by 108?
103
What is the remainder when 119608 is divided by 39858?
34
Calculate the remainder when 11642 is divided by 343.
323
What is the remainder when 191399 is divided by 11?
10
What is the remainder when 43426 is divided by 1602?
172
Calculate the remainder when 54962 is divided by 302.
300
What is the remainder when 8024 is divided by 4609?
3415
Calculate the remainder when 19988 is divided by 1995.
38
What is the remainder when 1829 is divided by 34?
27
Calculate the remainder when 65551 is divided by 81.
22
What is the remainder when 275579 is divided by 48?
11
Calculate the remainder when 3507 is divided by 851.
103
What is the remainder when 5161 is divided by 78?
13
Calculate the remainder when 66605 is divided by 2561.
19
What is the remainder when 2270 is divided by 308?
114
What is the remainder when 12352 is divided by 176?
32
Calculate the remainder when 311 is divided by 230.
81
Calculate the remainder when 949 is divided by 17.
14
Calculate the remainder when 1731 is divided by 515.
186
What is the remainder when 38513 is divided by 32?
17
What is the remainder when 33917 is divided by 242?
37
What is the remainder when 25678 is divided by 52?
42
Calculate the remainder when 27939 is divided by 20.
19
What is the remainder when 924815 is divided by 1600?
15
What is the remainder when 398984 is divided by 397?
396
What is the remainder when 207826 is divided by 14844?
10
What is the remainder when 59350 is divided by 29672?
6
What is the remainder when 1843 is d